{"id":15,"date":"2019-02-11T15:11:22","date_gmt":"2019-02-11T17:11:22","guid":{"rendered":"http:\/\/www.titomartinojazz.com.br\/cms\/?page_id=15"},"modified":"2023-04-25T18:55:32","modified_gmt":"2023-04-25T21:55:32","slug":"fotos","status":"publish","type":"page","link":"https:\/\/www.titomartinojazz.com.br\/cms\/fotos\/","title":{"rendered":"Fotos e Boas Lembran\u00e7as"},"content":{"rendered":"\t\t<div data-elementor-type=\"wp-page\" data-elementor-id=\"15\" class=\"elementor elementor-15\">\n\t\t\t\t\t\t<section class=\"elementor-section elementor-top-section elementor-element elementor-element-39322668 elementor-section-boxed elementor-section-height-default elementor-section-height-default\" data-id=\"39322668\" data-element_type=\"section\">\n\t\t\t\t\t\t<div class=\"elementor-container elementor-column-gap-default\">\n\t\t\t\t\t<div class=\"elementor-column elementor-col-100 elementor-top-column elementor-element elementor-element-77bd9cb5\" data-id=\"77bd9cb5\" data-element_type=\"column\">\n\t\t\t<div class=\"elementor-widget-wrap elementor-element-populated\">\n\t\t\t\t\t\t<div class=\"elementor-element elementor-element-12038442 elementor-widget elementor-widget-text-editor\" data-id=\"12038442\" data-element_type=\"widget\" data-widget_type=\"text-editor.default\">\n\t\t\t\t<div class=\"elementor-widget-container\">\n\t\t\t\t\t\t\t\t\t<p><\/p>\n<p><\/p>\n<figure><img decoding=\"async\" src=\"http:\/\/www.titomartinojazz.com.br\/cms\/wp-content\/uploads\/2019\/02\/tito-record.jpg\" alt=\"\"><p><\/p>\n<figcaption><em><strong>Tito Martino Jazz Band<\/strong> 2016, no programa de <strong>HER\u00d3DOTO BARBEIRO<\/strong>, na TV RECORD NEWS. ANDR\u00c9 JUAREZ &#8211; vibrafone, JOS\u00c9 WEBER &#8211; contrabaixo, ADRIANO CARVALHO &#8211; guitarra, BILLY PONZIO &#8211; bateria, ALEXANDRE HAGE &#8211; piano, TITO MARTINO &#8211; clarinete<\/em><\/figcaption>\n<\/figure>\n<p><\/p>\n<p><\/p>\n<p><\/p>\n<hr>\n<p><\/p>\n<p><\/p>\n<p><\/p>\n<figure><img decoding=\"async\" src=\"http:\/\/www.titomartinojazz.com.br\/cms\/wp-content\/uploads\/2019\/02\/TMJB-e-convidado-john-PIZZARELLI-JUN2011-600.jpg\" alt=\"\"><p><\/p>\n<figcaption><strong>O TMJB com seu convidado JOHN PIZZARELLI fizeram Show&nbsp;<\/strong><br><strong>em junho 2011 no Teatro Eva Herz<\/strong><\/figcaption>\n<\/figure>\n<p><\/p>\n<p><\/p>\n<p><\/p>\n<hr>\n<p><\/p>\n<p><\/p>\n<p><\/p>\n<figure><img decoding=\"async\" src=\"http:\/\/www.titomartinojazz.com.br\/cms\/wp-content\/uploads\/2019\/02\/traditional1.jpg\" alt=\"\"><\/figure>\n<p><\/p>\n<p><strong>TRADITIONAL JAZZ BAND &#8211; o ORIGINAL \u2013 <\/strong>criado em 1963, com seus fundadores, foto tirada durante o Show de inaugura\u00e7\u00e3o do Canal 13 TV Bandeirantes em 1967. <b>Andr\u00e9 Busic<\/b>, no pist\u00e3o, <b>Jean-Pierre Henkart<\/b> no trombone, <b>Tito Martino<\/b>, clarinete (Band-Leader) , <b>Reynaldo Mayer <\/b>no Banjo; sentados, <b>Alberto Siuffi<\/b> na tuba e <b>Omar Dequech<\/b> no washboard (substituindo o original <b>Sacha Kliass<\/b>).&nbsp;<\/p>\n<p><\/p>\n<p><\/p>\n<p><\/p>\n<p><\/p>\n<hr>\n<p><\/p>\n<p><\/p>\n<p><\/p>\n<figure><img decoding=\"async\" src=\"http:\/\/www.titomartinojazz.com.br\/cms\/wp-content\/uploads\/2019\/02\/13.jpg\" alt=\"\"><\/figure>\n<p><\/p>\n<p>Ao lado, <b>Alberto Siufi<\/b>, <b>Andr\u00e9 Busic<\/b>, <b>Tito Martino<\/b>, <b>Reynaldo Mayer<\/b> e <b>Jean Pierre Henkart<\/b>, reunidos 40 anos depois da foto acima em preto e branco, tirada no estudio da TV Canal 13 Bandeirantes na festa de inaugura\u00e7\u00e3o em 13 de maio de 1967.<\/p>\n<p><\/p>\n<p><\/p>\n<p><\/p>\n<p><\/p>\n<hr>\n<p><\/p>\n<p><\/p>\n<p><\/p>\n<figure><img decoding=\"async\" src=\"http:\/\/www.titomartinojazz.com.br\/cms\/wp-content\/uploads\/2019\/02\/12.jpg\" alt=\"\"><\/figure>\n<p><\/p>\n<p>Em 1974, o <b>Traditional Jazz Band<\/b> que foi pela primeira vez a New Orleans e USA: foto da capa do LP \u201cSucesso nos USA\u201d. <b>Austin Roberts<\/b> pist\u00e3o (ele entrou e saiu do conjunto diversas vezes), <b>Sergio Tamburri<\/b> no trombone, <b>Daniel Grisanti<\/b> no contrabaixo,<b> Luchin Montoya<\/b> no piano, <b>Tito<\/b>, <b>Edu Bugni<\/b> no banjo, e <b>Sacha Kliass<\/b> no washboard (que disse que ia mas n\u00e3o foi).&nbsp;<\/p>\n<p><\/p>\n<p><\/p>\n<p><\/p>\n<p><\/p>\n<hr>\n<p><\/p>\n<p><\/p>\n<p><\/p>\n<figure><img decoding=\"async\" src=\"http:\/\/www.titomartinojazz.com.br\/cms\/wp-content\/uploads\/2019\/02\/opus2004.jpg\" alt=\"\"><\/figure>\n<p><\/p>\n<p>Em 1975, o Traditional Jazz Band no lend\u00e1rio OPUS 2004: Luchin, piano; Tito clarinete; Sergio Tamburri no trombone; o grande baixista Bob van Oven, (do mundialmente famoso conjunto holand\u00eas Dutch Swing College Band); Andr\u00e9 Busic pist\u00e3o; e escondido atr\u00e1s dele o Duduz\u00e3o no banjo; e Sacha Kliass, washboard. Este grupo foi dissolvido em 1977.<strong>&nbsp;<\/strong><\/p>\n<p><\/p>\n<p><\/p>\n<p><\/p>\n<p><\/p>\n<hr>\n<p><\/p>\n<p><\/p>\n<p><\/p>\n<figure><img decoding=\"async\" src=\"http:\/\/www.titomartinojazz.com.br\/cms\/wp-content\/uploads\/2019\/02\/15-300.jpg\" alt=\"\"><\/figure>\n<p><\/p>\n<p><strong>Em 1976, o Traditional Jazz Band que foi aos USA pela segunda vez, para tocar no Festival de Jazz de N.Orleans de 1975 e em seguida realizar uma turn\u00ea por 23 cidades norteamericanas. Duduz\u00e3o(Eduardo Souza Pereira), Tito, Tamburri, Luchin, Daniel, Andr\u00e9 e Laurindo Godoy, washboard.<\/strong><\/p>\n<p><\/p>\n<p><\/p>\n<p><\/p>\n<p><\/p>\n<hr>\n<p><\/p>\n<p><\/p>\n<p><\/p>\n<figure><img decoding=\"async\" src=\"http:\/\/www.titomartinojazz.com.br\/cms\/wp-content\/uploads\/2019\/02\/IMG-359.jpg\" alt=\"\"><\/figure>\n<p><\/p>\n<p><strong>Em 1978, o Traditional Jazz Band reformado com seus novos componentes convidados por Tito Martino para reativar o conjunto, numa foto do LP \u201cRa\u00edzes do Jazz\u201d: Carlos Lima, pist\u00e3o; Edo Callia piano (segurando um banjo); Alexandre Arruda trombone; Zeca Maluf contrabaixo; Alcides Lima washboard; Ed\u00fa Bugni, banjo; Tito Martino, clarinete e l\u00edder. Em 1983 Tito viajou \u00e0 Europa, e quando voltou anos depois descobriu que esses novos componentes haviam aberto uma empresa e registrado o nome da banda, deixando-o de fora.&nbsp;<\/strong><\/p>\n<p><\/p>\n<p><\/p>\n<p><\/p>\n<p><\/p>\n<hr>\n<p><\/p>\n<p><\/p>\n<p><\/p>\n<figure><img decoding=\"async\" src=\"http:\/\/www.titomartinojazz.com.br\/cms\/wp-content\/uploads\/2019\/02\/3.jpg\" alt=\"\"><\/figure>\n<p><\/p>\n<p>Em 1999 Tito Martino comemorou seus 40 anos de Jazz com um grandioso Concerto de final-de-ano no Teatro Municipal de S\u00e3o Paulo. Aqui ele est\u00e1 no centro da foto, agradecendo o aplauso final dirigido aos participantes: Coral USP, Andr\u00e9 Juarez, Sara Chr\u00e8tien, o pistonista Martin M\u00fcller de Buenos Aires, o Swing Jazz Quintet, o Tito Martino Jazz Band, quatro sapateadoras, e o New Orleans Marching Band com duas melindrosas com umbrellas. O Show continuou no sagu\u00e3o do Teatro, com todo o publico e todos os artistas cantando e dan\u00e7ando ao som do New Orleans Marching Band.<\/p>\n<p><\/p>\n<p><\/p>\n<p><\/p>\n<p><\/p>\n<hr>\n<p><\/p>\n<p><\/p>\n<p><\/p>\n<figure><img decoding=\"async\" src=\"http:\/\/www.titomartinojazz.com.br\/cms\/wp-content\/uploads\/2019\/02\/5.jpg\" alt=\"\"><\/figure>\n<p><\/p>\n<p>Uma das diversas forma\u00e7\u00f5es do grupo de componentes do Tito Martino Jazz Band, o SWING JAZZ QUINTET (esquerda p\/ direita): Carlos Lima, Zeca Araujo, Paulo de Lima, Tito e o grande pianista de Jazz Ari Giorgi, disc\u00edpulo do Mestre Teddy Wilson.<strong>&nbsp;<\/strong><\/p>\n<p><\/p>\n<p><\/p>\n<p><\/p>\n<p><\/p>\n<hr>\n<p><\/p>\n<p><\/p>\n<p><\/p>\n<figure><img decoding=\"async\" src=\"http:\/\/www.titomartinojazz.com.br\/cms\/wp-content\/uploads\/2019\/02\/TITO-MARTINO-JAM-844kb.jpg\" alt=\"\"><\/figure>\n<p><\/p>\n<p><strong>J<\/strong>am Session com Tony Robson, banjo, Daniel Grisanti contrabaixo, Paulinho de Lima na bateria e o pistonista norteamericano Samuel Hoyt<\/p>\n<p><\/p>\n<p><\/p>\n<p><\/p>\n<p><\/p>\n<hr>\n<p><\/p>\n<p><\/p>\n<p><\/p>\n<figure><img decoding=\"async\" src=\"http:\/\/www.titomartinojazz.com.br\/cms\/wp-content\/uploads\/2019\/02\/6.jpg\" alt=\"\"><\/figure>\n<p><\/p>\n<p>Forma\u00e7\u00e3o 2004<\/p>\n<p><\/p>\n<p><\/p>\n<p><\/p>\n<p><\/p>\n<hr>\n<p><\/p>\n<p><\/p>\n<p><\/p>\n<figure><img decoding=\"async\" src=\"http:\/\/www.titomartinojazz.com.br\/cms\/wp-content\/uploads\/2019\/02\/14-2009-1.jpg\" alt=\"\"><\/figure>\n<p><\/p>\n<p>Em p\u00e9 &#8211; Jo\u00e3o Paulo, contrabaixo; Alexandre Arruda, trombone; Ciddy Junior, banjo. Sentados &#8211; Carlos Lima, cornet; Paulinho de Lima, bateria; Tito Martino, saxofone soprano&nbsp;&#8211;&nbsp;set&nbsp;2009<\/p>\n<p><\/p>\n<p><\/p>\n<p><\/p>\n<p><\/p>\n<hr>\n<p><\/p>\n<p><\/p>\n<p><\/p>\n<figure><img decoding=\"async\" src=\"http:\/\/www.titomartinojazz.com.br\/cms\/wp-content\/uploads\/2019\/02\/16-2011.jpg\" alt=\"\"><\/figure>\n<p><\/p>\n<p>Forma\u00e7\u00e3o 2011 &#8211; Foto durante as grava\u00e7\u00f5es da novela &#8216;<i>Cora\u00e7\u00f5es Feridos<\/i>&#8216; do SBT, onde a banda foi convidada a fazer uma participa\u00e7\u00e3o especial.<br>Ari Giorgi, piano; Billy Ponzio, bateria e washboard; Tito Martino, clarinete e saxofones; Carlos Lima, cornet; Zeca Araujo, contrabaixo; Ciddy Junior, guitar\/banjo;<\/p>\n<p><\/p>\n<p><\/p>\n<p><\/p>\n<p><\/p>\n<hr>\n<p><\/p>\n<p><\/p>\n<p><\/p>\n<div class=\"wp-block-media-text alignwide is-stacked-on-mobile\">\n<figure class=\"wp-block-media-text__media\"><img fetchpriority=\"high\" decoding=\"async\" width=\"400\" height=\"266\" class=\"wp-image-187 size-full\" src=\"http:\/\/www.titomartinojazz.com.br\/cms\/wp-content\/uploads\/2019\/02\/tmjb-2015.jpg\" alt=\"\" srcset=\"https:\/\/www.titomartinojazz.com.br\/cms\/wp-content\/uploads\/2019\/02\/tmjb-2015.jpg 400w, https:\/\/www.titomartinojazz.com.br\/cms\/wp-content\/uploads\/2019\/02\/tmjb-2015-300x200.jpg 300w, https:\/\/www.titomartinojazz.com.br\/cms\/wp-content\/uploads\/2019\/02\/tmjb-2015-370x246.jpg 370w\" sizes=\"(max-width: 400px) 100vw, 400px\" \/><\/figure>\n<div class=\"wp-block-media-text__content\">\n<p><\/p>\n<p><strong>Forma\u00e7\u00e3o 2015<\/strong><\/p>\n<p><\/p>\n<\/div>\n<\/div>\n<p><\/p>\n<p><\/p>\n<p><\/p>\n<p><\/p>\n<p><\/p>\n<p><\/p>\n<hr>\n<p><\/p>\n<p><\/p>\n<p><\/p>\n<figure><img decoding=\"async\" src=\"https:\/\/www.titomartinojazz.com.br\/cms\/wp-content\/uploads\/2023\/04\/cms-fotos-e-boas-lembrancas-whatsapp-image-2022-03-16-at-09.39.14-1024x683.jpeg\" alt=\"\"><p><\/p>\n<figcaption><strong>TITO MARTINO JAZZ BAND NO RAIZ CLUB, 2021<\/strong><\/figcaption>\n<figcaption><span style=\"font-weight: normal;\">TiTO MARTINO (cl), CARLOS LIMA( tpl), ALEXANDRE HAGE (p), TONY ROBSON (bj), DECKO TELLES (bx)&nbsp;<\/span><\/figcaption>\n<figcaption><span style=\"font-weight: normal;\">e BILLY PONZIO (bt,wsh).<\/span><\/figcaption>\n<figcaption><strong>&nbsp;<\/strong><\/figcaption>\n<figcaption><strong>&nbsp;<\/strong><\/figcaption>\n<figcaption>_____________________________________________<\/figcaption>\n<figcaption><\/figcaption>\n<figcaption><\/figcaption>\n<\/figure>\n<p><\/p>\n<p><\/p>\n<p><\/p>\n<figure class=\"wp-block-image size-full\"><img decoding=\"async\" width=\"680\" height=\"726\" class=\"wp-image-784\" src=\"https:\/\/www.titomartinojazz.com.br\/cms\/wp-content\/uploads\/2023\/04\/cms-fotos-e-boas-lembrancas-whatsapp-image-2023-04-21-at-16.37.58.jpeg\" alt=\"\" srcset=\"https:\/\/www.titomartinojazz.com.br\/cms\/wp-content\/uploads\/2023\/04\/cms-fotos-e-boas-lembrancas-whatsapp-image-2023-04-21-at-16.37.58.jpeg 680w, https:\/\/www.titomartinojazz.com.br\/cms\/wp-content\/uploads\/2023\/04\/cms-fotos-e-boas-lembrancas-whatsapp-image-2023-04-21-at-16.37.58-281x300.jpeg 281w, https:\/\/www.titomartinojazz.com.br\/cms\/wp-content\/uploads\/2023\/04\/cms-fotos-e-boas-lembrancas-whatsapp-image-2023-04-21-at-16.37.58-600x641.jpeg 600w\" sizes=\"(max-width: 680px) 100vw, 680px\" \/><p><\/p>\n<figcaption class=\"wp-element-caption\">Acima, mat\u00e9ria sobre a banda no <strong><em>New York Times<\/em><\/strong> ap\u00f3s uma s\u00e9rie de apresenta\u00e7\u00f5es nos USA, em 1974.<\/figcaption>\n<\/figure>\n<p><\/p>\n<p><\/p>\n<hr>\n<p><\/p>\t\t\t\t\t\t\t\t<\/div>\n\t\t\t\t<\/div>\n\t\t\t\t\t<\/div>\n\t\t<\/div>\n\t\t\t\t\t<\/div>\n\t\t<\/section>\n\t\t\t\t<\/div>\n\t\t","protected":false},"excerpt":{"rendered":"<p>TRADITIONAL JAZZ BAND &#8211; o ORIGINAL \u2013 criado em 1963, com seus fundadores, foto tirada durante o Show de inaugura\u00e7\u00e3o do Canal 13 TV Bandeirantes em 1967. Andr\u00e9 Busic, no pist\u00e3o, Jean-Pierre Henkart no trombone, Tito Martino, clarinete (Band-Leader) ,&#8230; <a class=\"more-link\" href=\"https:\/\/www.titomartinojazz.com.br\/cms\/fotos\/\">Continue Reading &rarr;<\/a><\/p>\n","protected":false},"author":1,"featured_media":0,"parent":0,"menu_order":0,"comment_status":"closed","ping_status":"closed","template":"","meta":{"footnotes":""},"class_list":["post-15","page","type-page","status-publish","hentry"],"_links":{"self":[{"href":"https:\/\/www.titomartinojazz.com.br\/cms\/wp-json\/wp\/v2\/pages\/15","targetHints":{"allow":["GET"]}}],"collection":[{"href":"https:\/\/www.titomartinojazz.com.br\/cms\/wp-json\/wp\/v2\/pages"}],"about":[{"href":"https:\/\/www.titomartinojazz.com.br\/cms\/wp-json\/wp\/v2\/types\/page"}],"author":[{"embeddable":true,"href":"https:\/\/www.titomartinojazz.com.br\/cms\/wp-json\/wp\/v2\/users\/1"}],"replies":[{"embeddable":true,"href":"https:\/\/www.titomartinojazz.com.br\/cms\/wp-json\/wp\/v2\/comments?post=15"}],"version-history":[{"count":52,"href":"https:\/\/www.titomartinojazz.com.br\/cms\/wp-json\/wp\/v2\/pages\/15\/revisions"}],"predecessor-version":[{"id":802,"href":"https:\/\/www.titomartinojazz.com.br\/cms\/wp-json\/wp\/v2\/pages\/15\/revisions\/802"}],"wp:attachment":[{"href":"https:\/\/www.titomartinojazz.com.br\/cms\/wp-json\/wp\/v2\/media?parent=15"}],"curies":[{"name":"wp","href":"https:\/\/api.w.org\/{rel}","templated":true}]}}